te the remainder when 94183 is divided by 8064.
5479
Calculate the remainder when 67397437 is divided by 3280.
3277
Calculate the remainder when 582686 is divided by 18208.
30
Calculate the remainder when 99121517 is divided by 2960.
2957
Calculate the remainder when 50793 is divided by 6299.
401
What is the remainder when 754010 is divided by 11?
4
Calculate the remainder when 4802135 is divided by 41.
10
What is the remainder when 3858127 is divided by 366?
121
What is the remainder when 15923956 is divided by 133?
132
Calculate the remainder when 27123361 is divided by 17.
14
What is the remainder when 116735659 is divided by 2711?
2710
Calculate the remainder when 79441 is divided by 311.
136
Calculate the remainder when 230154 is divided by 5351.
61
Calculate the remainder when 6795834 is divided by 1132568.
426
Calculate the remainder when 659997 is divided by 642.
21
What is the remainder when 5098319 is divided by 2190?
2189
Calculate the remainder when 15772195 is divided by 19141.
11
What is the remainder when 241609 is divided by 780?
589
Calculate the remainder when 58026 is divided by 369.
93
Calculate the remainder when 220840 is divided by 44062.
530
What is the remainder when 31510428 is divided by 14?
12
Calculate the remainder when 108733 is divided by 8514.
6565
What is the remainder when 4337338 is divided by 1761?
1756
Calculate the remainder when 11469204 is divided by 254871.
9
Calculate the remainder when 1037962 is divided by 1037902.
60
Calculate the remainder when 5546 is divided by 138.
26
Calculate the remainder when 153331151 is divided by 208.
207
What is the remainder when 4738173 is divided by 1523?
120
Calculate the remainder when 1728904 is divided by 345774.
34
What is the remainder when 29179798 is divided by 2600?
2598
Calculate the remainder when 82665931 is divided by 5.
1
What is the remainder when 2200133 is divided by 733370?
23
What is the remainder when 79340922 is divided by 75?
72
Calculate the remainder when 41919663 is divided by 9.
3
Calculate the remainder when 3283462 is divided by 163.
153
What is the remainder when 177941 is divided by 3293?
119
Calculate the remainder when 3213890 is divided by 1606879.
132
What is the remainder when 5275046 is divided by 278?
274
Calculate the remainder when 435465 is divided by 217703.
59
Calculate the remainder when 16372 is divided by 1336.
340
What is the remainder when 1039759 is divided by 22?
17
What is the remainder when 48068933 is divided by 97?
1
What is the remainder when 37291 is divided by 8410?
3651
What is the remainder when 220796 is divided by 2031?
1448
Calculate the remainder when 2763267 is divided by 144.
51
What is the remainder when 3260041 is divided by 979?
950
What is the remainder when 12434794 is divided by 36253?
15
What is the remainder when 6166200 is divided by 16?
8
Calculate the remainder when 3936408 is divided by 823.
822
Calculate the remainder when 2907191 is divided by 1453588.
15
Calculate the remainder when 361940628 is divided by 27.
12
What is the remainder when 407832 is divided by 1155?
117
Calculate the remainder when 801389 is divided by 200337.
41
What is the remainder when 64250 is divided by 1518?
494
What is the remainder when 11239300 is divided by 15698?
15230
Calculate the remainder when 264949 is divided by 3.
1
What is the remainder when 1995639 is divided by 1995514?
125
Calculate the remainder when 21985188 is divided by 47.
45
What is the remainder when 22010 is divided by 344?
338
Calculate the remainder when 406109 is divided by 405351.
758
What is the remainder when 104465 is divided by 1854?
641
What is the remainder when 2678623947 is divided by 9394?
9393
What is the remainder when 793645 is divided by 362?
141
What is the remainder when 15684 is divided by 13161?
2523
Calculate the remainder when 454519 is divided by 271.
52
What is the remainder when 1565242 is divided by 782549?
144
What is the remainder when 1808983 is divided by 44?
11
What is the remainder when 29270993 is divided by 75?
68
Calculate the remainder when 2913802 is divided by 1554.
52
Calculate the remainder when 29107878 is divided by 40.
38
What is the remainder when 12100160 is divided by 12100157?
3
Calculate the remainder when 131488 is divided by 4633.
1764
What is the remainder when 21075605 is divided by 98?
19
What is the remainder when 352643 is divided by 339?
83
What is the remainder when 5085717 is divided by 1551?
1539
What is the remainder when 172955518 is divided by 480?
478
Calculate the remainder when 673896130 is divided by 273.
271
Calculate the remainder when 900529 is divided by 450029.
471
What is the remainder when 6492613 is divided by 2164161?
130
What is the remainder when 12077389 is divided by 326?
67
Calculate the remainder when 28713936 is divided by 12382.
78
Calculate the remainder when 109462 is divided by 12161.
13
Calculate the remainder when 3167281 is divided by 81212.
13
Calculate the remainder when 1903168 is divided by 135939.
22
What is the remainder when 245736 is divided by 5133?
4485
What is the remainder when 434909 is divided by 222?
11
What is the remainder when 446433 is divided by 1317?
1287
What is the remainder when 8054122 is divided by 27?
22
What is the remainder when 9958044 is divided by 14?
12
What is the remainder when 627747 is divided by 207095?
6462
What is the remainder when 99990 is divided by 343?
177
Calculate the remainder when 20879812 is divided by 20879538.
274
Calculate the remainder when 1194803 is divided by 48.
35
What is the remainder when 133816 is divided by 66902?
12
What is the remainder when 976751 is divided by 1115?
11
What is the remainder when 31996 is divided by 457?
6
Calculate the remainder when 3743355 is divided by 320.
315
Calculate the remainder when 219570 is divided by 1790.
1190
What is the remainder when 8847123 is divided by 116?
35
What is the remainder when 1224701 is divided by 7438?
4869
What is the remainder when 755434 is divided by 250?
184
Calculate the remainder when 4629529 is divided by 771586.
13
Calculate the remainder when 1921968 is divided by 51.
33
Calculate the remainder when 89275712 is divided by 362.
358
What is the remainder when 1080273 is divided by 270063?
21
Calculate the remainder when 25653958 is divided by 39.
31
Calculate the remainder when 145915 is divided by 2503.
741
Calculate the remainder when 1598556 is divided by 1794.
102
What is the remainder when 16296 is divided by 499?
328
Calculate the remainder when 2292348 is divided by 259.
198
What is the remainder when 2069319 is divided by 220?
219
What is the remainder when 363751 is divided by 795?
436
What is the remainder when 3593423 is divided by 513334?
85
Calculate the remainder when 7769636 is divided by 29655.
26
Calculate the remainder when 1127033 is divided by 1127015.
18
What is the remainder when 15214576 is divided by 80?
16
Calculate the remainder when 489190 is divided by 15156.
4198
Calculate the remainder when 126057373 is divided by 4290.
13
What is the remainder when 43655 is divided by 906?
167
What is the remainder when 27103 is divided by 1038?
115
Calculate the remainder when 8020990 is divided by 140719.
7
Calculate the remainder when 10327318 is divided by 40.
38
What is the remainder when 36446 is divided by 7151?
691
What is the remainder when 993716 is divided by 1150?
116
Calculate the remainder when 12226364 is divided by 3308.
3304
What is the remainder when 108794 is divided by 2263?
170
What is the remainder when 450853 is divided by 65?
13
Calculate the remainder when 2271529 is divided by 278.
269
What is the remainder when 12580 is divided by 3134?
44
What is the remainder when 21660828 is divided by 135380?
28
What is the remainder when 32876931 is divided by 1826495?
21
What is the remainder when 456109 is divided by 35063?
290
Calculate the remainder when 831576 is divided by 69294.
48
What is the remainder when 591703 is divided by 591583?
120
What is the remainder when 57792 is divided by 12515?
7732
Calculate the remainder when 120965310 is divided by 911.
908
Calculate the remainder when 123311 is divided by 1220.
91
Calculate the remainder when 140281779 is divided by 586953.
12
What is the 